m + 5*u - 6. Let l = m - 22. List the prime factors of l.
3
What are the prime factors of (58 + -1)*1/1?
3, 19
Suppose 0 = 3*h - 26 + 8. Suppose 2*j - h = -j. Suppose j*a = -a + 42. What are the prime factors of a?
2, 7
Suppose -155 = -3*t + 5*u, -t = -3*t + 5*u + 110. What are the prime factors of t?
3, 5
Let g(x) = x - 1. Let f be g(-1). Suppose 5*r + 10 + 10 = 0. Let u = f - r. What are the prime factors of u?
2
Let v(l) = l + 0 + 2 + 0*l. Let z be v(0). Let q = z - -1. What are the prime factors of q?
3
Suppose -2*y - 2*p = 4, 2*y + y - 6 = 3*p. Suppose 3*k - 20 + 5 = y. Suppose -k*g + 51 - 6 = 0. List the prime factors of g.
3
Let n(w) = w - 7. Let k be n(-9). Let y = -5 - k. What are the prime factors of y?
11
Let n = -1 + -6. Let t = 34 - 15. Let w = n + t. List the prime factors of w.
2, 3
List the prime factors of (-8)/(-36) - (4 + 7070/(-18)).
389
Suppose -52*r + 43*r = -1701. What are the prime factors of r?
3, 7
What are the prime factors of 2*18*(2 - 20/(-8))?
2, 3
Suppose -17*v + 19*v = 210. What are the prime factors of v?
3, 5, 7
Suppose -28 = 3*q - 4. What are the prime factors of 12/q*(-12)/9?
2
Let p be ((-2)/(-6))/((-5)/(-75)). Suppose -50 = -p*j - 3*l, 3*j + 2*j + 5*l = 40. Suppose 1 = 3*b + j, -x + 29 = -5*b. List the prime factors of x.
3
Suppose -6 = -2*q - q. List the prime factors of q.
2
Suppose 0 = -3*g + 4*d - 42, 5*d + 0*d - 15 = 0. Let t = -1 - g. What are the prime factors of (12/t)/((-4)/(-30))?
2, 5
Suppose -2*x = -0 + 2, 45 = 2*q - 5*x. List the prime factors of q.
2, 5
Suppose -4*l - 93 = -l. Suppose -3*o - d = 55, -3*d - 30 = 3*o + 15. Let u = o - l. What are the prime factors of u?
11
Suppose -2*i = -2*t + 8 - 24, 4*i = -2*t + 44. Suppose -5*v = -i*v + 20. List the prime factors of v.
2
Let x(t) = t. Let l be x(-6). Let v = 1 - l. List the prime factors of v.
7
Suppose -4*w + 3*v - 96 = 0, w + 17 = -5*v - 7. List the prime factors of ((-18)/(-27))/((-1)/w).
2
Let d be 220/6*18/15. Suppose d = 2*g + 2. List the prime factors of g.
3, 7
Let m be 0/(2 + 1) + 2. Suppose -18 = -m*g - g. What are the prime factors of g?
2, 3
List the prime factors of -4 - (3 - 11) - -35.
3, 13
Let h be -2*(0 + 2) - -2. Let c(n) = -3*n**3 + 2*n**2 + n + 1. List the prime factors of c(h).
31
Suppose 4*w = -w + 15. Let d(j) = -w*j - 8 + 1 + 0. What are the prime factors of d(-5)?
2
Let h = 11 - -34. Suppose -5*k - h = -0*k. Let q(u) = -u**2 - 12*u - 8. What are the prime factors of q(k)?
19
Suppose 3*t + 3 - 18 = 0. Suppose 5*c + 34 = -0*l + 3*l, 44 = t*l - 2*c. What are the prime factors of l?
2
Let c(f) = f**2 - 7*f + 9. Let p be c(6). Suppose t = -0*t - p*d + 8, -t + 38 = -3*d. List the prime factors of t.
23
Let v = -11 - -1. What are the prime factors of (-9)/(-15) + (-14)/v?
2
Let v = 80 - 56. What are the prime factors of v?
2, 3
Let i(m) = m**3 - 2*m**2 + 4*m - 3. Let v be i(2). Suppose y + 21 = 2*y + 3*r, y + v*r = 31. List the prime factors of y.
2, 3
Let i(z) = z + 9. Let q be i(-14). Let d = -8 - q. List the prime factors of ((-1)/2)/(d/144).
2, 3
List the prime factors of 1 - (-39 - -3)*2.
73
Suppose -m - 4*m + 10 = 0. Suppose 0 = -0*r + m*r - 8. What are the prime factors of (14/r + -3)*28?
2, 7
Suppose 65 = 4*s - 75. List the prime factors of s.
5, 7
Suppose 1 + 3 = -4*y. Let p be -2 + (-7)/(-1) + y. Suppose -u + 40 = 2*u + 2*c, -p*u - 5*c = -58. What are the prime factors of u?
2, 3
Suppose -4*v + 6*l = 2*l - 124, 2*l = v - 31. What are the prime factors of v?
31
Let d = 11 - 8. Suppose -4*w - d*m = -86, -w = -3*w + m + 38. Let q = w - 10. List the prime factors of q.
2, 5
Let s = -55 - -87. Suppose -4*a + s = -0*a. What are the prime factors of a?
2
Suppose 0 = -3*a - 2*g + 42, 2*a - g - 35 = -0*a. What are the prime factors of a?
2
Let l = 30 - -122. What are the prime factors of l?
2, 19
Let w(i) = i**3 + 4*i**2 - 1. Let c be w(-4). Let k be (5 - c)/(0 + 1). What are the prime factors of (k/15)/(1/20)?
2
Suppose 8 = 3*t - 2*u - 8, 0 = -2*t + u + 10. Suppose -l + 6 = -t. What are the prime factors of l?
2, 5
Suppose 4*h - h - g = 29, h + 2*g = 12. Let c be (-16)/9 - (-2)/(-9). What are the prime factors of (h - 2) + c/(-2)?
3
Let r(w) = w**2 - 7*w + 3. List the prime factors of r(11).
47
Suppose -3*v + 454 + 179 = 0. What are the prime factors of v?
211
Let u = -6 + 18. Suppose 3*s - u = 0, 4*b + 1 = 5*s + 145. Suppose 2*f = -0*h + 5*h - b, -18 = -3*h - f. What are the prime factors of h?
7
Let u be (122 - (-1 + 1)) + -1. Let l = 184 - u. Suppose -2*n = -5*b + l, 3*b + 57 = 7*b + 5*n. List the prime factors of b.
13
Let u be (-2 + (-11)/(-4))*4. Suppose 7*l - u*l = 8. List the prime factors of l.
2
Let u be ((-1)/(-2))/(3/120). Suppose -3*y - y = u. What are the prime factors of ((-4)/y)/((-4)/(-30))?
2, 3
Let u be (-10)/25*(63 + 2). Let v = -9 - u. What are the prime factors of v?
17
Let n be 10 - (-2 + (-9)/(-3)). Suppose -n = -3*q + 3*v, -q + 3*v - 3 = -v. List the prime factors of q.
5
Let t = -3 - -7. Let o = t - 0. What are the prime factors of o?
2
Suppose -2*w + 0*w = 0. Suppose 3*t - t - 32 = w. What are the prime factors of t?
2
Suppose 4*c - 9 = 15. Let f = 11 - c. What are the prime factors of f?
5
Let n be -24*3*4/(-18). Let c = n - 10. List the prime factors of c.
2, 3
Let a = -5 + 3. What are the prime factors of (-12)/(a + (0 - -1))?
2, 3
Suppose -5*q + 36 = 4*b - 10, -3*b + 3*q + 21 = 0. Suppose 4*o + 110 = b*o. What are the prime factors of o?
2, 11
Let f(m) = -24*m + 9. Let x be f(-9). Suppose 4 = -2*a, -x = -0*i - 5*i + 5*a. What are the prime factors of i?
43
Let v(p) = -p + 1. Let l be v(-2). Suppose 14 = 4*t - 2*y, -17 = 2*t - l*t + 5*y. Suppose 0*s = t*i + 3*s - 39, -2*s + 58 = 4*i. List the prime factors of i.
2, 3
Let f(s) = -s. Let l be f(2). Let q(w) = -5*w - 3. List the prime factors of q(l).
7
Let f be (58 - 0)*(-2)/(-4). Suppose 0 = -3*i + 5*x + 46, i + i - f = 3*x. What are the prime factors of i?
7
What are the prime factors of (141 - 2)*1 + 3?
2, 71
Let o = -4 - -3. Let q be o/((3/1)/222). Let t = -51 - q. List the prime factors of t.
23
Let r be 6/(-33) + (-4)/(-22). Suppose r = 5*a - 18 - 107. What are the prime factors of a?
5
Let b(d) = d**3 - 5*d**2 - 6*d + 4. Let n be b(6). Suppose 0 = -u - 2 + n. Suppose u = w - 5. List the prime factors of w.
7
Let p(t) = -20*t + 3. List the prime factors of p(-2).
43
Suppose 120 = 5*l - z, -3*l + 72 = -3*z + z. Suppose -5*r = -r - l. What are the prime factors of r?
2, 3
Let c = -98 - -154. List the prime factors of c.
2, 7
Let t be (19 + 1)*(-8)/20. Let i = t + -2. List the prime factors of ((-8)/i)/((-1)/(-15)).
2, 3
Let x be 47/4 - 6/(-24). List the prime factors of -1*(2 - x - 2).
2, 3
Suppose 2*a = 4*x - 16, -4*a - 20 = 2*x - 7*x. Suppose a = c - 0*c. Suppose -5*z = -c*z - 40. What are the prime factors of z?
2
Suppose 3*p = 3*r + 21, 0*r = p - 3*r - 17. Suppose -4*s - s = -p*w + 11, 0 = w - 2*s - 5. What are the prime factors of w?
3
Suppose 3*b - 5*d = 8, 0*b + 2*b - 22 = -5*d. Suppose 1 - b = -g + 2*n, 5*g + 3*n + 14 = 0. List the prime factors of g/4 - (-52)/16.
3
Suppose 13 = 5*c - 2. Suppose -2*j + v = -c*j, 0 = 4*v - 8. Let w(q) = q**2. List the prime factors of w(j).
2
Suppose 0 = -10*z - 7*z + 4165. List the prime factors of z.
5, 7
Suppose 4*l + 111 - 661 = -5*s, -l = 2*s - 139. Suppose -53 - l = -4*v. List the prime factors of v.
47
Let j(s) be the first derivative of -s**2 - 7*s + 1. Let i be (0 - -2) + 14/6*-3. What are the prime factors of j(i)?
3
Suppose -10 = c + 2*b, 5*c - 5*b - 35 = -160. Let y be 2/(-2) + 6*5. Let k = c + y. List the prime factors of k.
3
Let a(i) = -i**3 - 3*i**2 + 5*i**2 + 2 + 2*i**3 + 6*i**2. Let p be a(-8). Suppose -4*f - p - 4 = k, 8 = -4*f. What are the prime factors of k?
2
Suppose -158 = -4*w + 2. Suppose w = -0*q + 2*q. List the prime factors of q.
2, 5
Let h = -64 - -113. List the prime factors of h.
7
Let r(v) = -v**2 + 7*v. Let h be r(7). Suppose -4*m - 31 - 17 = h. List the prime factors of 1 + m/(2/(-2)).
13
Let f(q) = -q + 13. Let r be (-1)/1 - 11/(-1). List the prime factors of f(r).
3
Let q(v) = v + 1. Suppose -j + 2*j = 7. What are the prime factors of q(j)?
2
Let a(v) = -2*v - 1 + v - v - 4*v**2 + 6*v**2. Let d be a(4). Suppose -20 = -l + 2*k - 9, -2*k = -5*l + d. List the p